{"id":10847,"date":"2022-06-06T15:11:37","date_gmt":"2022-06-06T13:11:37","guid":{"rendered":"https:\/\/schubert-schule-nw.de\/wordpress\/?page_id=10847"},"modified":"2024-05-14T17:11:14","modified_gmt":"2024-05-14T15:11:14","slug":"demokratie-projekte","status":"publish","type":"page","link":"https:\/\/schubert-schule-nw.de\/wordpress\/demokratie-projekte\/","title":{"rendered":"Demokratie-Projekte"},"content":{"rendered":"\n<h2 class=\"wp-block-heading has-text-align-center has-black-color has-cyan-bluish-gray-background-color has-text-color has-background has-link-color has-large-font-size wp-elements-0e4f28c7d82b12f46ce2a0263bea4308\"><strong>Demokratie-Projekte<\/strong><\/h2>\n\n\n\n<p class=\"has-medium-font-size\"><a href=\"https:\/\/schubert-schule-nw.de\/wordpress\/demokratie-projekte\/bundespraesident-a-d-hr-gauck-empfaengt-neustadter-schueler-in-berlin\/\">Bundespr\u00e4sident a.D. Herr Gauck empf\u00e4ngt Neustadter Sch\u00fcler in Berlin <\/a><\/p>\n\n\n\n<p class=\"has-medium-font-size\"><a href=\"https:\/\/schubert-schule-nw.de\/wordpress\/demokratie-projekte\/klappe-auf-mr-gerechtigkeit\/\">Klappe Auf ! Mr. Gerechtigkeit<\/a><\/p>\n\n\n\n<p class=\"has-medium-font-size\"><a href=\"https:\/\/schubert-schule-nw.de\/wordpress\/?page_id=14930\">Die interaktive Zeitreise mit Herrn Zank<\/a><\/p>\n\n\n\n<p class=\"has-medium-font-size\"><a href=\"https:\/\/schubert-schule-nw.de\/wordpress\/demokratie-projekte\/14940-2\/\">Meine Familie &#8211; die Nazis und ich (Kinofilm und Lesung)<\/a><\/p>\n\n\n\n<p class=\"has-vivid-cyan-blue-color has-text-color has-medium-font-size\"><a href=\"https:\/\/schubert-schule-nw.de\/wordpress\/demokratie-projekte\/das-fest-der-demokratie-johann-philipp-abresch-preis\/\">Johann-Philipp-Abresch-Preis<\/a><\/p>\n\n\n\n<p class=\"has-text-align-left has-medium-font-size\"><mark style=\"background-color:rgba(0, 0, 0, 0)\" class=\"has-inline-color has-vivid-cyan-blue-color\"><a href=\"https:\/\/schubert-schule-nw.de\/wordpress\/demokratie-projekte\/grosszuegige-spende-des-rotary-club-neustadt\/\">Gro\u00dfz\u00fcgige Spende des Rotary Club Neustadt<\/a><\/mark><\/p>\n\n\n\n<p class=\"has-text-align-left has-black-color has-text-color has-medium-font-size\"><a href=\"https:\/\/schubert-schule-nw.de\/wordpress\/demokratie-projekte\/spendenverkauf-ahrtal-und-ukraine-2-4-2022\/\">Spendenverkauf Ahrtal und Ukraine (2.4.2022)<\/a><\/p>\n\n\n\n<p class=\"has-vivid-cyan-blue-color has-text-color has-medium-font-size\"><a href=\"https:\/\/schubert-schule-nw.de\/wordpress\/aktionen-der-schubert-schule-fuer-die-ukraine\/\">Bericht Ukraine -Aktionen<\/a><\/p>\n\n\n\n<p class=\"has-medium-font-size\"><a href=\"https:\/\/schubert-schule-nw.de\/wordpress\/demokratie-projekte\/komm-mit-politikprojekt\/\">Komm mit! Politikprojekt<\/a><\/p>\n\n\n\n<p class=\"has-medium-font-size\"><a href=\"https:\/\/schubert-schule-nw.de\/wordpress\/demokratie-projekte\/10992-2\/\" data-type=\"page\" data-id=\"10992\">Besuch in der Dornerei Neustadt \u2013 Der \u00fcberausstarke Willibald<\/a><\/p>\n\n\n\n<p class=\"has-medium-font-size\"><strong><a href=\"https:\/\/schubert-schule-nw.de\/wordpress\/demokratie-projekte\/verschiedene-gedenkaktionen\/\">verschiedene Gedenkaktionen<\/a><\/strong><\/p>\n","protected":false},"excerpt":{"rendered":"<p>Demokratie-Projekte Bundespr\u00e4sident a.D. Herr Gauck empf\u00e4ngt Neustadter Sch\u00fcler in Berlin Klappe Auf ! Mr. Gerechtigkeit Die interaktive Zeitreise mit Herrn Zank Meine Familie &#8211; die Nazis und ich (Kinofilm und &hellip; <\/p>\n<p class=\"link-more\"><a href=\"https:\/\/schubert-schule-nw.de\/wordpress\/demokratie-projekte\/\" class=\"more-link\"><span class=\"screen-reader-text\">\u201eDemokratie-Projekte\u201c<\/span> weiterlesen<\/a><\/p>\n","protected":false},"author":3,"featured_media":0,"parent":0,"menu_order":0,"comment_status":"closed","ping_status":"closed","template":"","meta":{"ngg_post_thumbnail":0,"footnotes":""},"class_list":["post-10847","page","type-page","status-publish","hentry"],"_links":{"self":[{"href":"https:\/\/schubert-schule-nw.de\/wordpress\/wp-json\/wp\/v2\/pages\/10847","targetHints":{"allow":["GET"]}}],"collection":[{"href":"https:\/\/schubert-schule-nw.de\/wordpress\/wp-json\/wp\/v2\/pages"}],"about":[{"href":"https:\/\/schubert-schule-nw.de\/wordpress\/wp-json\/wp\/v2\/types\/page"}],"author":[{"embeddable":true,"href":"https:\/\/schubert-schule-nw.de\/wordpress\/wp-json\/wp\/v2\/users\/3"}],"replies":[{"embeddable":true,"href":"https:\/\/schubert-schule-nw.de\/wordpress\/wp-json\/wp\/v2\/comments?post=10847"}],"version-history":[{"count":32,"href":"https:\/\/schubert-schule-nw.de\/wordpress\/wp-json\/wp\/v2\/pages\/10847\/revisions"}],"predecessor-version":[{"id":16815,"href":"https:\/\/schubert-schule-nw.de\/wordpress\/wp-json\/wp\/v2\/pages\/10847\/revisions\/16815"}],"wp:attachment":[{"href":"https:\/\/schubert-schule-nw.de\/wordpress\/wp-json\/wp\/v2\/media?parent=10847"}],"curies":[{"name":"wp","href":"https:\/\/api.w.org\/{rel}","templated":true}]}}