{"id":13346,"date":"2023-01-04T17:18:29","date_gmt":"2023-01-04T16:18:29","guid":{"rendered":"https:\/\/schubert-schule-nw.de\/wordpress\/?page_id=13346"},"modified":"2023-04-26T14:16:57","modified_gmt":"2023-04-26T12:16:57","slug":"datenschutzerklaerung","status":"publish","type":"page","link":"https:\/\/schubert-schule-nw.de\/wordpress\/datenschutzerklaerung\/","title":{"rendered":"Datenschutzerkl\u00e4rung"},"content":{"rendered":"\n<p><strong>Datenschutzerkl\u00e4rung nach der DSGVO<\/strong><\/p>\n\n\n\n<p><strong>1. Name und Anschrift des Verantwortlichen<\/strong><\/p>\n\n\n\n<p>Der Verantwortliche im Sinne der Datenschutz-Grundverordnung und anderer nationaler Datenschutzgesetze der Mitgliedsstaaten sowie sonstiger datenschutzrechtlicher Bestimmungen ist die:<\/p>\n\n\n\n<p>Schubert-Schule<\/p>\n\n\n\n<p>Schulleiter Tammo Scherr<\/p>\n\n\n\n<p>Wiesenstr. 17<\/p>\n\n\n\n<p>67433 Neustadt \/ Weinstra\u00dfe<\/p>\n\n\n\n<p>Deutschland<\/p>\n\n\n\n<p>Tel.: 06321 &#8211; 921841<\/p>\n\n\n\n<p>E-Mail: schubert-schule@schulen.neustadt.eu<\/p>\n\n\n\n<p>Website: www.schubert-schule-nw.de<br>Bei Fragen, Beschwerden oder Anregungen stehen Ihnen Schulleitung in Kooperation mit dem schulischen Datenschutzbeauftragten zur Verf\u00fcgung.<\/p>\n\n\n\n<p><strong>2. Name und Anschrift der Datenschutzbeauftragten<\/strong><\/p>\n\n\n\n<p>Die Datenschutzbeauftragte des Verantwortlichen ist:<\/p>\n\n\n\n<p>Beate Wenzel<\/p>\n\n\n\n<p>Schubert-Schule<\/p>\n\n\n\n<p>Wiesenstr. 17<\/p>\n\n\n\n<p>67433 Neustadt \/ Weinstra\u00dfe<\/p>\n\n\n\n<p>Deutschland<\/p>\n\n\n\n<p>Tel.: 06321 &#8211; 921841<\/p>\n\n\n\n<p>E-Mail: b.wenzel@sfl-nw.bildung-rp.de<\/p>\n\n\n\n<p>Website: <a href=\"http:\/\/www.schubert-schule-nw.de\">www.schubert-schule-nw.de<\/a><\/p>\n\n\n\n<p><strong>3. Geltungsbereich<\/strong><\/p>\n\n\n\n<p>Diese Datenschutzerkl\u00e4rung gilt f\u00fcr das Internet-Angebot <a href=\"http:\/\/www.schubert-schule-nw.de\/\">www.schubert-schule-nw.de<\/a> der Schubert-Schule Neustadt und die dort angebotenen Inhalte. F\u00fcr Inhalte anderer Anbieter, auf die z.B. \u00fcber Links verwiesen wird, gelten die dortigen Nutzungsbestimmungen.<\/p>\n\n\n\n<p><strong>4<\/strong>. <strong>Bereitstellung der Website und Datenverarbeitung <\/strong><\/p>\n\n\n\n<p><strong>a.<\/strong> <strong>Beschreibung und Umfang der Datenverarbeitung<\/strong><\/p>\n\n\n\n<p>Bei jedem Aufruf unserer Internetseite erfasst unser System automatisiert Daten und Informationen vom Computersystem des aufrufenden Rechners.<\/p>\n\n\n\n<p>Folgende Daten werden hierbei erhoben:<\/p>\n\n\n\n<div class=\"wp-block-group\"><div class=\"wp-block-group__inner-container is-layout-constrained wp-block-group-is-layout-constrained\">\n<p>&#8211; Informationen \u00fcber den Browsertyp und die verwendete Version<\/p>\n\n\n\n<p>&#8211; Das Betriebssystem des Nutzers<\/p>\n\n\n\n<p>&#8211; Den Internet-Service-Provider des Nutzers<\/p>\n\n\n\n<p>&#8211; Die IP-Adresse des Nutzers<\/p>\n\n\n\n<p>&#8211; Datum und Uhrzeit des Zugriffs<\/p>\n\n\n\n<p>&#8211; Websites, von denen das System des Nutzers auf unsere Internetseite gelangt<\/p>\n\n\n\n<p>&#8211; Websites, die vom System des Nutzers \u00fcber unsere Website aufgerufen werden<\/p>\n\n\n\n<p>Die Daten werden ebenfalls in den Logfiles unseres Systems gespeichert. Nicht hiervon betroffen sind die IP-Adressen des Nutzers oder andere Daten, die die Zuordnung der Daten zu einem Nutzer erm\u00f6glichen. Eine Speicherung dieser Daten zusammen mit anderen personenbezogenen Daten des Nutzers findet nicht statt.<\/p>\n<\/div><\/div>\n\n\n\n<p>Unsere Homepage nutzt keine Mechanismen, mit denen beim Besuch unseres Angebots automatisch Informationen an die Anbieter von Social Media-Diensten flie\u00dfen (Social Plugins). Etwaige Weiterleitungen zu Anbietern von Social Media-Diensten wie Youtube, Facebook etc. erfolgen ausschlie\u00dflich via Link, so dass Daten \u00fcber Ihren Besuch auf unserem Angebot (z.B. IP-Adresse, Zeitpunkt, URL) oder auf Ihrem Endger\u00e4t vorhanden Daten (z.B. Cookie-Informationen) an die jeweiligen Anbieter erst bei einer bewussten Nutzung des Links \u00fcbertragen werden.<\/p>\n\n\n\n<p><strong>b. Rechtsgrundlage f\u00fcr die Datenverarbeitung<\/strong><\/p>\n\n\n\n<p>Bez\u00fcglich der Speicherung und Auslesen von Informationen, insbesondere die Verarbeitung von Cookies) gilt \u00a7 25 TTDSG. Bez\u00fcglich der Verarbeitung der IP-Adresse gilt \u00a7 3 Landesschutzgesetz.<\/p>\n\n\n\n<p><strong>c. Zweck der Datenverarbeitung<\/strong><\/p>\n\n\n\n<p>Die Verarbeitung von Daten wird hinsichtlich der Bereitstellung von Informationen auf einer Webseite, als Aufgabe einer \u00f6ffentlichen Einrichtung, technisch erforderlich. Dabei findet \u00a73 Landesdatenschutzgesetz Anwendung.<\/p>\n\n\n\n<p>Im Rahmen unserer \u00d6ffentlichkeitsarbeit ver\u00f6ffentlichen wir zur Veranschaulichung unserer schulischen Arbeit auf unserer Homepage mit Einwilligung der Sch\u00fclerinnen und Sch\u00fcler bzw. deren Eltern Fotos, Videos und Texte. Als Voraussetzung f\u00fcr eine Ver\u00f6ffentlichung gilt die Vorlage einer Einverst\u00e4ndniserkl\u00e4rung seitens der Betroffenen. <\/p>\n\n\n\n<p>Die vor\u00fcbergehende Speicherung der IP-Adresse durch das System ist notwendig, um eine Auslieferung der Website an den Rechner des Nutzers zu erm\u00f6glichen. Hierf\u00fcr muss die IP-Adresse des Nutzers f\u00fcr die Dauer der Sitzung gespeichert bleiben.<\/p>\n\n\n\n<p>Die Speicherung in Logfiles erfolgt, um die Funktionsf\u00e4higkeit der Webseite sicherzustellen. Zudem dienen uns die Daten zur Optimierung der Webseite und zur Sicherstellung der Sicherheit unserer informationstechnischen Systeme. Eine Auswertung der Daten zu Marketingzwecken findet in diesem Zusammenhang nicht statt. Wir werden nur bei rechtswidrigen Angriffen versuchen herauszufinden, welche Person hinter einer IP-Adresse steht. Ansonsten bleibt diese Information f\u00fcr uns verborgen und wir versuchen nicht, die Identit\u00e4t des Inhabers einer IP-Adresse zu ermitteln.<\/p>\n\n\n\n<p><strong>d. Dauer der Speicherung<\/strong><\/p>\n\n\n\n<p>Die Daten werden gel\u00f6scht, sobald sie f\u00fcr die Erreichung des Zweckes ihrer Erhebung nicht mehr erforderlich sind. Im Falle der Erfassung der Daten zur Bereitstellung der Website ist dies der Fall, wenn die jeweilige Sitzung beendet ist.<\/p>\n\n\n\n<p><strong>e. Widerspruchs- und Beseitigungsm\u00f6glichkeit<\/strong><\/p>\n\n\n\n<p>Die Erfassung der Daten zur Bereitstellung der Website und die Speicherung der Daten in Logfiles ist f\u00fcr den Betrieb der Internetseite zwingend erforderlich. Es besteht folglich seitens des Nutzers keine Widerspruchsm\u00f6glichkeit.<\/p>\n\n\n\n<p><strong>5. Verwendung von Cookies<\/strong><\/p>\n\n\n\n<p><strong>a. Beschreibung und Umfang der Datenverarbeitung<\/strong><\/p>\n\n\n\n<p>Unsere Webseite verwendet Cookies ausschlie\u00dflich f\u00fcr registrierte Benutzer aus der Schulgemeinschaft, die sich auf unserem Server anmelden, um Beitr\u00e4ge f\u00fcr die Homepage zu erstellen. Bei Cookies handelt es sich um Textdateien, die im Internetbrowser bzw. vom Internetbrowser auf dem Computersystem des Nutzers gespeichert werden. Ruft ein Nutzer eine Website auf, so kann ein Cookie auf dem Betriebssystem des Nutzers gespeichert werden. Dieser Cookie enth\u00e4lt eine charakteristische Zeichenfolge, die eine eindeutige Identifizierung des Browsers beim erneuten Aufrufen der Website erm\u00f6glicht.<\/p>\n\n\n\n<p><strong>b. Rechtsgrundlage f\u00fcr die Datenverarbeitung<\/strong><\/p>\n\n\n\n<p>Die Rechtsgrundlage f\u00fcr die Verarbeitung personenbezogener Daten unter Verwendung von Cookies und technisch notwendiger Cookies sind \u00a7 25 TTDSG und \u00a7 3 LDSG.<\/p>\n\n\n\n<p><strong>c. Zweck der Datenverarbeitung<\/strong><\/p>\n\n\n\n<p>Der Zweck der Verwendung technisch notwendiger Cookies ist, die Nutzung von Websites f\u00fcr die Nutzer zu vereinfachen. Einige Funktionen unserer Internetseite k\u00f6nnen ohne den Einsatz von Cookies nicht angeboten werden. F\u00fcr diese ist es erforderlich, dass der Browser auch nach einem Seitenwechsel wiedererkannt wird.<\/p>\n\n\n\n<p>Die durch technisch notwendige Cookies erhobenen Nutzerdaten werden nicht zur Erstellung von Nutzerprofilen verwendet.<\/p>\n\n\n\n<p>F\u00fcr folgende Anwendungen ben\u00f6tigen wir Cookies:<\/p>\n\n\n\n<p>&#8211; Anmeldung im System<\/p>\n\n\n\n<p><strong>d. Dauer der Speicherung, Widerspruchs- und Beseitigungsm\u00f6glichkeit<\/strong><\/p>\n\n\n\n<p>Cookies werden auf dem Rechner des Nutzers gespeichert und von diesem an unserer Seite \u00fcbermittelt. Daher haben Sie als Nutzer auch die volle Kontrolle \u00fcber die Verwendung von Cookies. Durch eine \u00c4nderung der Einstellungen in Ihrem Internetbrowser k\u00f6nnen Sie die \u00dcbertragung von Cookies deaktivieren oder einschr\u00e4nken. Bereits gespeicherte Cookies k\u00f6nnen jederzeit gel\u00f6scht werden. Dies kann auch automatisiert erfolgen. Werden Cookies f\u00fcr unsere Website deaktiviert, k\u00f6nnen m\u00f6glicherweise nicht mehr alle Funktionen der Website vollumf\u00e4nglich genutzt werden.<\/p>\n\n\n\n<p><strong>6. Rechte der betroffenen Person<\/strong><\/p>\n\n\n\n<p>Werden personenbezogene Daten von Ihnen verarbeitet, sind Sie Betroffener im Sinne der Datenschutz-Grundverordnung und es stehen Ihnen die folgenden Rechte gegen\u00fcber dem Verantwortlichen zu.<br><br><strong>Hinweis zum Minderj\u00e4hrigenschutz<\/strong><\/p>\n\n\n\n<p>Kinder und Personen unter 18 Jahren sollten ohne Zustimmung der Eltern oder Erziehungsberechtigten keine personenbezogenen Daten an uns \u00fcbermitteln. Wir fordern keine personenbezogenen Daten von Kindern an, sammeln diese nicht und geben sie nicht an Dritte weiter.<\/p>\n\n\n\n<p><strong>a. Auskunftsrecht<\/strong><\/p>\n\n\n\n<p>Sie k\u00f6nnen von dem Verantwortlichen eine Best\u00e4tigung dar\u00fcber verlangen, ob personenbezogene Daten, die Sie betreffen, von uns verarbeitet werden. Ist dies der Fall, so haben Sie ein Recht auf umfassende Auskunft \u00fcber diese personenbezogenen Daten und auf die in Art. 15 Abs. 1 DSGVO aufgef\u00fchrten Informationen.<\/p>\n\n\n\n<p><strong>b. Recht auf Berichtigung<\/strong><\/p>\n\n\n\n<p>Sie haben ein Recht auf Berichtigung und\/oder Vervollst\u00e4ndigung gegen\u00fcber dem Verantwortlichen, sofern die verarbeiteten personenbezogenen Daten, die Sie betreffen, unrichtig oder unvollst\u00e4ndig sind. Der Verantwortliche hat die Berichtigung unverz\u00fcglich vorzunehmen.<\/p>\n\n\n\n<p><strong>c. Recht auf Einschr\u00e4nkung der Verarbeitung<\/strong><\/p>\n\n\n\n<p>Unter den in Art. 18 DSGVO genannten Voraussetzungen k\u00f6nnen Sie die Einschr\u00e4nkungen der Verarbeitung der Sie betreffenden personenbezogenen Daten verlangen.<\/p>\n\n\n\n<p>Wurde die Verarbeitung der Sie betreffenden personenbezogenen Daten eingeschr\u00e4nkt, d\u00fcrfen diese Daten \u2013 von ihrer Speicherung abgesehen \u2013 nur mit Ihrer Einwilligung oder zur Geltendmachung, Aus\u00fcbung oder Verteidigung von Rechtsanspr\u00fcchen oder zum Schutz der Rechte einer anderen nat\u00fcrlichen oder juristischen Person oder aus Gr\u00fcnden eines wichtigen \u00f6ffentlichen Interesses der Union oder eines Mitgliedstaats verarbeitet werden.<\/p>\n\n\n\n<p><strong>d. Recht auf L\u00f6schung<\/strong><\/p>\n\n\n\n<p><strong>L\u00f6schungspflicht<\/strong><strong><\/strong><\/p>\n\n\n\n<p>Sie k\u00f6nnen unter den in Art. 17 DSGVO genannten Voraussetzungen von dem Verantwortlichen verlangen, dass die Sie betreffenden personenbezogenen Daten unverz\u00fcglich gel\u00f6scht werden.<\/p>\n\n\n\n<p><strong>Information an Dritte<\/strong><strong><\/strong><\/p>\n\n\n\n<p>Hat der Verantwortliche die Sie betreffenden personenbezogenen Daten \u00f6ffentlich gemacht und ist er gem. Art.&nbsp;17 Abs.&nbsp;1 DSGVO zu deren L\u00f6schung verpflichtet, so trifft er unter Ber\u00fccksichtigung der verf\u00fcgbaren Technologie und der Implementierungskosten angemessene Ma\u00dfnahmen, auch technischer Art, um f\u00fcr die Datenverarbeitung Verantwortliche, die die personenbezogenen Daten verarbeiten, dar\u00fcber zu informieren, dass Sie als betroffene Person von ihnen die L\u00f6schung aller Links zu diesen personenbezogenen Daten oder von Kopien oder Replikationen dieser personenbezogenen Daten verlangt haben.<\/p>\n\n\n\n<p><strong>Ausnahme<\/strong><\/p>\n\n\n\n<p>Das Recht auf L\u00f6schung besteht nicht, soweit die Verarbeitung gem\u00e4\u00df den Vorgaben des Art. 17 Abs. 3 DSGVO weiterhin erforderlich ist.<\/p>\n\n\n\n<p><strong>e. Recht auf Unterrichtung<\/strong><\/p>\n\n\n\n<p>Sie das Recht auf Berichtigung, L\u00f6schung oder Einschr\u00e4nkung der Verarbeitung gegen\u00fcber dem Verantwortlichen geltend gemacht, ist dieser verpflichtet, allen Empf\u00e4ngern, denen die Sie betreffenden personenbezogenen Daten offengelegt wurden, diese Berichtigung oder L\u00f6schung der Daten oder Einschr\u00e4nkung der Verarbeitung mitzuteilen, es sei denn, dies erweist sich als unm\u00f6glich oder ist mit einem unverh\u00e4ltnism\u00e4\u00dfigen Aufwand verbunden.<\/p>\n\n\n\n<p>Ihnen steht gegen\u00fcber dem Verantwortlichen das Recht zu, \u00fcber diese Empf\u00e4nger unterrichtet zu werden.<\/p>\n\n\n\n<p><strong>f. Widerspruchsrecht<\/strong><\/p>\n\n\n\n<p>Sie haben das Recht, aus Gr\u00fcnden, die sich aus ihrer besonderen Situation ergeben, jederzeit gegen die Verarbeitung der Sie betreffenden personenbezogenen Daten, die aufgrund von Art.&nbsp;6 Abs.&nbsp;1 lit.&nbsp;e oder f DSGVO erfolgt, Widerspruch einzulegen. Die Verantwortliche verarbeitet die Sie betreffenden personenbezogenen Daten nicht mehr, es sei denn, er kann zwingende schutzw\u00fcrdige Gr\u00fcnde f\u00fcr die Verarbeitung nachweisen, die Ihre Interessen, Rechte und Freiheiten \u00fcberwiegen, oder die Verarbeitung dient der Geltendmachung, Aus\u00fcbung oder Verteidigung von Rechtanspr\u00fcchen.<\/p>\n\n\n\n<p><strong>g.<\/strong> <strong>Recht auf Widerruf der datenschutzrechtlichen Einwilligungserkl\u00e4rung<\/strong><\/p>\n\n\n\n<p>Sie haben das Recht, Ihre datenschutzrechtliche Einwilligungserkl\u00e4rung jederzeit zu widerrufen. Durch den Widerruf der Einwilligung wird die Rechtm\u00e4\u00dfigkeit der aufgrund der Einwilligung bis zum Widerruf erfolgten Verarbeitung nicht ber\u00fchrt.<\/p>\n\n\n\n<p><strong>h.<\/strong> <strong>Recht auf Beschwerde bei einer Aufsichtsbeh\u00f6rde<\/strong><\/p>\n\n\n\n<p>Unbeschadet eines anderweitigen verwaltungsrechtlichen oder gerichtlichen Rechtsbehelfs steht Ihnen das Recht auf Beschwerde bei einer Aufsichtsbeh\u00f6rde zu, wenn Sie der Ansicht sind, dass die Verarbeitung der Sie betreffenden personenbezogenen Daten gegen die DSGVO verst\u00f6\u00dft.<\/p>\n\n\n\n<p>Zust\u00e4ndige Beh\u00f6rde:<\/p>\n\n\n\n<p>Der Landesbeauftragte f\u00fcr den Datenschutz und die Informationsfreiheit                                                                Rheinland-Pfalz                                                                                                                                                                       Postfach 30 40                                                                                                                                                                       55020 Mainz<\/p>\n\n\n\n<p>Stand: April 2023<\/p>\n","protected":false},"excerpt":{"rendered":"<p>Datenschutzerkl\u00e4rung nach der DSGVO 1. Name und Anschrift des Verantwortlichen Der Verantwortliche im Sinne der Datenschutz-Grundverordnung und anderer nationaler Datenschutzgesetze der Mitgliedsstaaten sowie sonstiger datenschutzrechtlicher Bestimmungen ist die: Schubert-Schule Schulleiter &hellip; <\/p>\n<p class=\"link-more\"><a href=\"https:\/\/schubert-schule-nw.de\/wordpress\/datenschutzerklaerung\/\" class=\"more-link\"><span class=\"screen-reader-text\">\u201eDatenschutzerkl\u00e4rung\u201c<\/span> weiterlesen<\/a><\/p>\n","protected":false},"author":3,"featured_media":0,"parent":0,"menu_order":0,"comment_status":"closed","ping_status":"closed","template":"","meta":{"ngg_post_thumbnail":0,"footnotes":""},"class_list":["post-13346","page","type-page","status-publish","hentry"],"_links":{"self":[{"href":"https:\/\/schubert-schule-nw.de\/wordpress\/wp-json\/wp\/v2\/pages\/13346","targetHints":{"allow":["GET"]}}],"collection":[{"href":"https:\/\/schubert-schule-nw.de\/wordpress\/wp-json\/wp\/v2\/pages"}],"about":[{"href":"https:\/\/schubert-schule-nw.de\/wordpress\/wp-json\/wp\/v2\/types\/page"}],"author":[{"embeddable":true,"href":"https:\/\/schubert-schule-nw.de\/wordpress\/wp-json\/wp\/v2\/users\/3"}],"replies":[{"embeddable":true,"href":"https:\/\/schubert-schule-nw.de\/wordpress\/wp-json\/wp\/v2\/comments?post=13346"}],"version-history":[{"count":12,"href":"https:\/\/schubert-schule-nw.de\/wordpress\/wp-json\/wp\/v2\/pages\/13346\/revisions"}],"predecessor-version":[{"id":14697,"href":"https:\/\/schubert-schule-nw.de\/wordpress\/wp-json\/wp\/v2\/pages\/13346\/revisions\/14697"}],"wp:attachment":[{"href":"https:\/\/schubert-schule-nw.de\/wordpress\/wp-json\/wp\/v2\/media?parent=13346"}],"curies":[{"name":"wp","href":"https:\/\/api.w.org\/{rel}","templated":true}]}}