{"id":16707,"date":"2024-04-24T16:24:39","date_gmt":"2024-04-24T14:24:39","guid":{"rendered":"https:\/\/schubert-schule-nw.de\/wordpress\/?page_id=16707"},"modified":"2025-02-24T18:13:30","modified_gmt":"2025-02-24T17:13:30","slug":"foerder-und-beratungszentrum","status":"publish","type":"page","link":"https:\/\/schubert-schule-nw.de\/wordpress\/foerder-und-beratungszentrum\/","title":{"rendered":"F\u00f6rder- und Beratungszentrum"},"content":{"rendered":"\n<p class=\"has-text-align-center has-black-color has-vivid-cyan-blue-background-color has-text-color has-background has-link-color has-medium-font-size wp-elements-2a4678e6c6d4c91c76f0c19a9b6bb0a4\">F\u00f6rder- und Beratungszentrum<\/p>\n\n\n\n<p>Ab dem Schuljahr 2024\/2025 wird die Schubert-Schule seine Arbeit als F\u00f6rder- und Beratungszentrum aufnehmen.&nbsp;<\/p>\n\n\n\n<p>Das hierf\u00fcr ausgew\u00e4hlte Team wird ihnen an den umliegenden Regelschulen bei allen Fragen rund um schulisches Lernen unterst\u00fctzend zur Seite stehen.<\/p>\n\n\n\n<p>Unsere Lehrkr\u00e4fte des FBZs beraten Lehrkr\u00e4fte im Unterricht u.a. bei der F\u00f6rderung von Sch\u00fclerinnen und Sch\u00fclern mit Lernschwierigkeiten, Teilleistungsst\u00f6rungen und Schwierigkeiten im Arbeitsverhalten. Ebenso bieten wir Beratungsthemen im F\u00f6rderschwerpunkt Sprache sowie im F\u00f6rderschwerpunkt emotionale und soziale Entwicklung an.<\/p>\n\n\n\n<p>Mithilfe eines <a href=\"https:\/\/schubert-schule-nw.de\/wordpress\/foerder-und-beratungszentrum\/informationen-fuer-regelschulen-formulare\/\">Meldebogens <\/a>(Link) k\u00f6nnen Schulen ihren Unterst\u00fctzungsbedarf anmelden.<\/p>\n\n\n\n<p>Bei Fragen d\u00fcrfen Sie sich gerne an uns wenden.<\/p>\n\n\n\n<p>Sie erreichen uns \u00fcber Mail <strong>info[at]fbz-nw.bildung-rp.de <\/strong>oder unter folgender Telefonnummer <strong>06321 &#8211; 92 18 41<\/strong><\/p>\n\n\n\n<p><\/p>\n","protected":false},"excerpt":{"rendered":"<p>F\u00f6rder- und Beratungszentrum Ab dem Schuljahr 2024\/2025 wird die Schubert-Schule seine Arbeit als F\u00f6rder- und Beratungszentrum aufnehmen.&nbsp; Das hierf\u00fcr ausgew\u00e4hlte Team wird ihnen an den umliegenden Regelschulen bei allen Fragen &hellip; <\/p>\n<p class=\"link-more\"><a href=\"https:\/\/schubert-schule-nw.de\/wordpress\/foerder-und-beratungszentrum\/\" class=\"more-link\"><span class=\"screen-reader-text\">\u201eF\u00f6rder- und Beratungszentrum\u201c<\/span> weiterlesen<\/a><\/p>\n","protected":false},"author":3,"featured_media":0,"parent":0,"menu_order":0,"comment_status":"closed","ping_status":"closed","template":"","meta":{"ngg_post_thumbnail":0,"footnotes":""},"class_list":["post-16707","page","type-page","status-publish","hentry"],"_links":{"self":[{"href":"https:\/\/schubert-schule-nw.de\/wordpress\/wp-json\/wp\/v2\/pages\/16707","targetHints":{"allow":["GET"]}}],"collection":[{"href":"https:\/\/schubert-schule-nw.de\/wordpress\/wp-json\/wp\/v2\/pages"}],"about":[{"href":"https:\/\/schubert-schule-nw.de\/wordpress\/wp-json\/wp\/v2\/types\/page"}],"author":[{"embeddable":true,"href":"https:\/\/schubert-schule-nw.de\/wordpress\/wp-json\/wp\/v2\/users\/3"}],"replies":[{"embeddable":true,"href":"https:\/\/schubert-schule-nw.de\/wordpress\/wp-json\/wp\/v2\/comments?post=16707"}],"version-history":[{"count":15,"href":"https:\/\/schubert-schule-nw.de\/wordpress\/wp-json\/wp\/v2\/pages\/16707\/revisions"}],"predecessor-version":[{"id":17104,"href":"https:\/\/schubert-schule-nw.de\/wordpress\/wp-json\/wp\/v2\/pages\/16707\/revisions\/17104"}],"wp:attachment":[{"href":"https:\/\/schubert-schule-nw.de\/wordpress\/wp-json\/wp\/v2\/media?parent=16707"}],"curies":[{"name":"wp","href":"https:\/\/api.w.org\/{rel}","templated":true}]}}