{"id":16719,"date":"2024-05-13T16:09:48","date_gmt":"2024-05-13T14:09:48","guid":{"rendered":"https:\/\/schubert-schule-nw.de\/wordpress\/?page_id=16719"},"modified":"2024-05-15T16:38:52","modified_gmt":"2024-05-15T14:38:52","slug":"16719-2","status":"publish","type":"page","link":"https:\/\/schubert-schule-nw.de\/wordpress\/foerder-und-beratungszentrum\/16719-2\/","title":{"rendered":"Unser Angebot f\u00fcr Schulen"},"content":{"rendered":"\n<p class=\"has-text-align-center has-vivid-cyan-blue-color has-text-color has-link-color wp-elements-321b903fec7b28339dccbe9b280d8863\" style=\"font-size:30px\">Unser Angebot f\u00fcr Schulen<\/p>\n\n\n\n<p class=\"has-medium-font-size\"><strong>Wir beraten<\/strong><\/p>\n\n\n\n<ul class=\"wp-block-list\">\n<li>Lehrkr\u00e4fte, die in einem konkreten Kontext, in der Arbeit mit einem Sch\u00fcler\/einer Sch\u00fclerin Unterst\u00fctzung ben\u00f6tigen<\/li>\n\n\n\n<li>Schulen<\/li>\n<\/ul>\n\n\n\n<p>z.B. bei Einschulungen, Sprech- und Sprachproblemen, Lernproblemen, Verhaltensproblemen, \u00dcberg\u00e4ngen, Teilleistungsst\u00f6rungen, Nachteilsausgleich<\/p>\n\n\n\n<ul class=\"wp-block-list\">\n<li>Eltern hinsichtlich F\u00f6rderung und Inklusion<\/li>\n<\/ul>\n\n\n\n<p class=\"has-medium-font-size\"><strong>Wir qualifizieren<\/strong><\/p>\n\n\n\n<ul class=\"wp-block-list\">\n<li>die Lehrkr\u00e4fte unseres FBZs, durch kollegiale Fallberatungen, externe und interne Fortbildungen, Teambildungsma\u00dfnahmen, Supervisionen etc.<\/li>\n<\/ul>\n\n\n\n<p class=\"has-medium-font-size\"><strong>Wir informieren<\/strong><\/p>\n\n\n\n<ul class=\"wp-block-list\">\n<li>sonderp\u00e4dagogisches Personal an Schwerpunktschulen in daf\u00fcr eingerichteten Dienstbesprechungen zu speziellen Themenbereichen<\/li>\n<\/ul>\n","protected":false},"excerpt":{"rendered":"<p>Unser Angebot f\u00fcr Schulen Wir beraten z.B. bei Einschulungen, Sprech- und Sprachproblemen, Lernproblemen, Verhaltensproblemen, \u00dcberg\u00e4ngen, Teilleistungsst\u00f6rungen, Nachteilsausgleich Wir qualifizieren Wir informieren<\/p>\n","protected":false},"author":3,"featured_media":0,"parent":16707,"menu_order":1,"comment_status":"closed","ping_status":"closed","template":"","meta":{"ngg_post_thumbnail":0,"footnotes":""},"class_list":["post-16719","page","type-page","status-publish","hentry"],"_links":{"self":[{"href":"https:\/\/schubert-schule-nw.de\/wordpress\/wp-json\/wp\/v2\/pages\/16719","targetHints":{"allow":["GET"]}}],"collection":[{"href":"https:\/\/schubert-schule-nw.de\/wordpress\/wp-json\/wp\/v2\/pages"}],"about":[{"href":"https:\/\/schubert-schule-nw.de\/wordpress\/wp-json\/wp\/v2\/types\/page"}],"author":[{"embeddable":true,"href":"https:\/\/schubert-schule-nw.de\/wordpress\/wp-json\/wp\/v2\/users\/3"}],"replies":[{"embeddable":true,"href":"https:\/\/schubert-schule-nw.de\/wordpress\/wp-json\/wp\/v2\/comments?post=16719"}],"version-history":[{"count":11,"href":"https:\/\/schubert-schule-nw.de\/wordpress\/wp-json\/wp\/v2\/pages\/16719\/revisions"}],"predecessor-version":[{"id":16823,"href":"https:\/\/schubert-schule-nw.de\/wordpress\/wp-json\/wp\/v2\/pages\/16719\/revisions\/16823"}],"up":[{"embeddable":true,"href":"https:\/\/schubert-schule-nw.de\/wordpress\/wp-json\/wp\/v2\/pages\/16707"}],"wp:attachment":[{"href":"https:\/\/schubert-schule-nw.de\/wordpress\/wp-json\/wp\/v2\/media?parent=16719"}],"curies":[{"name":"wp","href":"https:\/\/api.w.org\/{rel}","templated":true}]}}