{"id":16742,"date":"2024-05-13T19:30:38","date_gmt":"2024-05-13T17:30:38","guid":{"rendered":"https:\/\/schubert-schule-nw.de\/wordpress\/?page_id=16742"},"modified":"2024-05-15T16:44:50","modified_gmt":"2024-05-15T14:44:50","slug":"wir-kooperieren-mit","status":"publish","type":"page","link":"https:\/\/schubert-schule-nw.de\/wordpress\/foerder-und-beratungszentrum\/wir-kooperieren-mit\/","title":{"rendered":"Wir kooperieren mit"},"content":{"rendered":"\n<p class=\"has-text-align-center has-vivid-cyan-blue-color has-text-color has-link-color wp-elements-9d1e2d037dc8489b6e6316f61bba4d5c\" style=\"font-size:30px\">Wir kooperieren mit<\/p>\n\n\n\n<p>Um dem Auftrag der Unterst\u00fctzung des inklusiven Unterrichtsangebotes gerecht werden zu k\u00f6nnen, wird konzeptionell die Zusammenarbeit mit folgenden Schulen vereinbart:<\/p>\n\n\n\n<p class=\"has-medium-font-size\"><strong>Auf Landesebene<\/strong><\/p>\n\n\n\n<ul class=\"wp-block-list\">\n<li>Landesschule f\u00fcr Geh\u00f6rlose und Schwerh\u00f6rige, Frankenthal<\/li>\n\n\n\n<li>Landesschule f\u00fcr Blinde und Sehbehinderte, Neuwied<\/li>\n<\/ul>\n\n\n\n<p class=\"has-medium-font-size\"><strong>Stammschulen f\u00fcr Beratung<\/strong><\/p>\n\n\n\n<ul class=\"wp-block-list\">\n<li>Siegmund-Cr\u00e4mer-Schule, Bad D\u00fcrkheim<\/li>\n<\/ul>\n\n\n\n<p>(Schule mit dem F\u00f6rderschwerpunkt ganzheitliche Entwicklung)<\/p>\n\n\n\n<ul class=\"wp-block-list\">\n<li>Mosaik-Schule, Ludwigshafen<\/li>\n<\/ul>\n\n\n\n<p>(Schule mit dem F\u00f6rderschwerpunkt motorische Entwicklung)<\/p>\n\n\n\n<ul class=\"wp-block-list\">\n<li>Schule mit dem F\u00f6rderschwerpunkt Sprache, R\u00fclzheim<\/li>\n<\/ul>\n\n\n\n<p class=\"has-medium-font-size\"><strong>Weitere Kooperationen<\/strong><\/p>\n\n\n\n<ul class=\"wp-block-list\">\n<li>Fachberatung Autismus<\/li>\n\n\n\n<li>Fr\u00fchf\u00f6rderzentren<\/li>\n\n\n\n<li>Therapeut:innen und \u00c4rzt:innen<\/li>\n\n\n\n<li>Vorschulische Einrichtungen beim Schuleintritt<\/li>\n\n\n\n<li>Agentur f\u00fcr Arbeit \/ Rehabilitationstr\u00e4ger<\/li>\n\n\n\n<li>Jugendamt (NW, D\u00dcW, S\u00dcW), Sozialamt, Schulsozialarbeit<\/li>\n\n\n\n<li>Kinderschutzbund \/ Caritas\/Diakonie<\/li>\n\n\n\n<li>Eltern<\/li>\n\n\n\n<li>Weitere au\u00dferschulische Partner<\/li>\n<\/ul>\n","protected":false},"excerpt":{"rendered":"<p>Wir kooperieren mit Um dem Auftrag der Unterst\u00fctzung des inklusiven Unterrichtsangebotes gerecht werden zu k\u00f6nnen, wird konzeptionell die Zusammenarbeit mit folgenden Schulen vereinbart: Auf Landesebene Stammschulen f\u00fcr Beratung (Schule mit &hellip; <\/p>\n<p class=\"link-more\"><a href=\"https:\/\/schubert-schule-nw.de\/wordpress\/foerder-und-beratungszentrum\/wir-kooperieren-mit\/\" class=\"more-link\"><span class=\"screen-reader-text\">\u201eWir kooperieren mit\u201c<\/span> weiterlesen<\/a><\/p>\n","protected":false},"author":3,"featured_media":0,"parent":16707,"menu_order":7,"comment_status":"closed","ping_status":"closed","template":"","meta":{"ngg_post_thumbnail":0,"footnotes":""},"class_list":["post-16742","page","type-page","status-publish","hentry"],"_links":{"self":[{"href":"https:\/\/schubert-schule-nw.de\/wordpress\/wp-json\/wp\/v2\/pages\/16742","targetHints":{"allow":["GET"]}}],"collection":[{"href":"https:\/\/schubert-schule-nw.de\/wordpress\/wp-json\/wp\/v2\/pages"}],"about":[{"href":"https:\/\/schubert-schule-nw.de\/wordpress\/wp-json\/wp\/v2\/types\/page"}],"author":[{"embeddable":true,"href":"https:\/\/schubert-schule-nw.de\/wordpress\/wp-json\/wp\/v2\/users\/3"}],"replies":[{"embeddable":true,"href":"https:\/\/schubert-schule-nw.de\/wordpress\/wp-json\/wp\/v2\/comments?post=16742"}],"version-history":[{"count":3,"href":"https:\/\/schubert-schule-nw.de\/wordpress\/wp-json\/wp\/v2\/pages\/16742\/revisions"}],"predecessor-version":[{"id":16831,"href":"https:\/\/schubert-schule-nw.de\/wordpress\/wp-json\/wp\/v2\/pages\/16742\/revisions\/16831"}],"up":[{"embeddable":true,"href":"https:\/\/schubert-schule-nw.de\/wordpress\/wp-json\/wp\/v2\/pages\/16707"}],"wp:attachment":[{"href":"https:\/\/schubert-schule-nw.de\/wordpress\/wp-json\/wp\/v2\/media?parent=16742"}],"curies":[{"name":"wp","href":"https:\/\/api.w.org\/{rel}","templated":true}]}}