{"id":17,"date":"2017-11-21T22:46:46","date_gmt":"2017-11-21T21:46:46","guid":{"rendered":"http:\/\/schubert-schule-nw.de\/wordpress\/?page_id=17"},"modified":"2021-03-04T14:36:00","modified_gmt":"2021-03-04T13:36:00","slug":"schule","status":"publish","type":"page","link":"https:\/\/schubert-schule-nw.de\/wordpress\/schule\/","title":{"rendered":"Unsere Schule"},"content":{"rendered":"<p><img loading=\"lazy\" decoding=\"async\" class=\"alignnone size-full wp-image-302\" src=\"https:\/\/schubert-schule-nw.de\/wordpress\/wp-content\/uploads\/2018\/03\/Ganztagsschule.jpg\" alt=\"\" width=\"152\" height=\"120\"><\/p>\n<h1 style=\"text-align: center;\"><strong style=\"color: inherit; font-size: 1.5rem;\"><span style=\"color: #3366ff;\">Herzlich Willkommen in der Schubert-Schule!<\/span><\/strong><img loading=\"lazy\" decoding=\"async\" class=\"alignnone size-full wp-image-3238\" style=\"color: inherit; font-size: 1.5rem;\" src=\"https:\/\/schubert-schule-nw.de\/wordpress\/wp-content\/uploads\/2020\/09\/Schulhof-plus-Gebaeude-scaled.jpg\" alt=\"\" width=\"2560\" height=\"1180\" srcset=\"https:\/\/schubert-schule-nw.de\/wordpress\/wp-content\/uploads\/2020\/09\/Schulhof-plus-Gebaeude-scaled.jpg 2560w, https:\/\/schubert-schule-nw.de\/wordpress\/wp-content\/uploads\/2020\/09\/Schulhof-plus-Gebaeude-300x138.jpg 300w, https:\/\/schubert-schule-nw.de\/wordpress\/wp-content\/uploads\/2020\/09\/Schulhof-plus-Gebaeude-1024x472.jpg 1024w, https:\/\/schubert-schule-nw.de\/wordpress\/wp-content\/uploads\/2020\/09\/Schulhof-plus-Gebaeude-768x354.jpg 768w, https:\/\/schubert-schule-nw.de\/wordpress\/wp-content\/uploads\/2020\/09\/Schulhof-plus-Gebaeude-1536x708.jpg 1536w, https:\/\/schubert-schule-nw.de\/wordpress\/wp-content\/uploads\/2020\/09\/Schulhof-plus-Gebaeude-2048x944.jpg 2048w\" sizes=\"auto, (max-width: 767px) 89vw, (max-width: 1000px) 54vw, (max-width: 1071px) 543px, 580px\" \/><\/h1>\n<div id='gallery-1' class='gallery galleryid-17 gallery-columns-3 gallery-size-thumbnail'><figure class='gallery-item'>\n\t\t\t<div class='gallery-icon landscape'>\n\t\t\t\t<a href='https:\/\/schubert-schule-nw.de\/wordpress\/dsc05625\/'><img loading=\"lazy\" decoding=\"async\" width=\"150\" height=\"150\" src=\"https:\/\/schubert-schule-nw.de\/wordpress\/wp-content\/uploads\/2020\/09\/DSC05625-150x150.jpg\" class=\"attachment-thumbnail size-thumbnail\" alt=\"\" aria-describedby=\"gallery-1-3225\" srcset=\"https:\/\/schubert-schule-nw.de\/wordpress\/wp-content\/uploads\/2020\/09\/DSC05625-150x150.jpg 150w, https:\/\/schubert-schule-nw.de\/wordpress\/wp-content\/uploads\/2020\/09\/DSC05625-100x100.jpg 100w\" sizes=\"auto, 100vw\" \/><\/a>\n\t\t\t<\/div>\n\t\t\t\t<figcaption class='wp-caption-text gallery-caption' id='gallery-1-3225'>\n\t\t\t\tVerwaltung\n\t\t\t\t<\/figcaption><\/figure><figure class='gallery-item'>\n\t\t\t<div class='gallery-icon landscape'>\n\t\t\t\t<a href='https:\/\/schubert-schule-nw.de\/wordpress\/dsc05621\/'><img loading=\"lazy\" decoding=\"async\" width=\"150\" height=\"150\" src=\"https:\/\/schubert-schule-nw.de\/wordpress\/wp-content\/uploads\/2020\/09\/DSC05621-150x150.jpg\" class=\"attachment-thumbnail size-thumbnail\" alt=\"\" srcset=\"https:\/\/schubert-schule-nw.de\/wordpress\/wp-content\/uploads\/2020\/09\/DSC05621-150x150.jpg 150w, https:\/\/schubert-schule-nw.de\/wordpress\/wp-content\/uploads\/2020\/09\/DSC05621-100x100.jpg 100w\" sizes=\"auto, 100vw\" \/><\/a>\n\t\t\t<\/div><\/figure><figure class='gallery-item'>\n\t\t\t<div class='gallery-icon landscape'>\n\t\t\t\t<a href='https:\/\/schubert-schule-nw.de\/wordpress\/dsc05629\/'><img loading=\"lazy\" decoding=\"async\" width=\"150\" height=\"150\" src=\"https:\/\/schubert-schule-nw.de\/wordpress\/wp-content\/uploads\/2020\/09\/DSC05629-150x150.jpg\" class=\"attachment-thumbnail size-thumbnail\" alt=\"\" srcset=\"https:\/\/schubert-schule-nw.de\/wordpress\/wp-content\/uploads\/2020\/09\/DSC05629-150x150.jpg 150w, https:\/\/schubert-schule-nw.de\/wordpress\/wp-content\/uploads\/2020\/09\/DSC05629-100x100.jpg 100w\" sizes=\"auto, 100vw\" \/><\/a>\n\t\t\t<\/div><\/figure><figure class='gallery-item'>\n\t\t\t<div class='gallery-icon landscape'>\n\t\t\t\t<a href='https:\/\/schubert-schule-nw.de\/wordpress\/holzwerkstatt-ganzes-gebaeude\/'><img loading=\"lazy\" decoding=\"async\" width=\"150\" height=\"150\" src=\"https:\/\/schubert-schule-nw.de\/wordpress\/wp-content\/uploads\/2020\/09\/Holzwerkstatt-ganzes-Gebaeude-150x150.jpg\" class=\"attachment-thumbnail size-thumbnail\" alt=\"\" aria-describedby=\"gallery-1-3244\" srcset=\"https:\/\/schubert-schule-nw.de\/wordpress\/wp-content\/uploads\/2020\/09\/Holzwerkstatt-ganzes-Gebaeude-150x150.jpg 150w, https:\/\/schubert-schule-nw.de\/wordpress\/wp-content\/uploads\/2020\/09\/Holzwerkstatt-ganzes-Gebaeude-100x100.jpg 100w\" sizes=\"auto, 100vw\" \/><\/a>\n\t\t\t<\/div>\n\t\t\t\t<figcaption class='wp-caption-text gallery-caption' id='gallery-1-3244'>\n\t\t\t\tHolzwerkstatt\n\t\t\t\t<\/figcaption><\/figure><figure class='gallery-item'>\n\t\t\t<div class='gallery-icon landscape'>\n\t\t\t\t<a href='https:\/\/schubert-schule-nw.de\/wordpress\/dsc05620\/'><img loading=\"lazy\" decoding=\"async\" width=\"150\" height=\"150\" src=\"https:\/\/schubert-schule-nw.de\/wordpress\/wp-content\/uploads\/2020\/09\/DSC05620-150x150.jpg\" class=\"attachment-thumbnail size-thumbnail\" alt=\"\" srcset=\"https:\/\/schubert-schule-nw.de\/wordpress\/wp-content\/uploads\/2020\/09\/DSC05620-150x150.jpg 150w, https:\/\/schubert-schule-nw.de\/wordpress\/wp-content\/uploads\/2020\/09\/DSC05620-100x100.jpg 100w\" sizes=\"auto, 100vw\" \/><\/a>\n\t\t\t<\/div><\/figure><figure class='gallery-item'>\n\t\t\t<div class='gallery-icon landscape'>\n\t\t\t\t<a href='https:\/\/schubert-schule-nw.de\/wordpress\/dsc05617\/'><img loading=\"lazy\" decoding=\"async\" width=\"150\" height=\"150\" src=\"https:\/\/schubert-schule-nw.de\/wordpress\/wp-content\/uploads\/2020\/09\/DSC05617-150x150.jpg\" class=\"attachment-thumbnail size-thumbnail\" alt=\"\" srcset=\"https:\/\/schubert-schule-nw.de\/wordpress\/wp-content\/uploads\/2020\/09\/DSC05617-150x150.jpg 150w, https:\/\/schubert-schule-nw.de\/wordpress\/wp-content\/uploads\/2020\/09\/DSC05617-100x100.jpg 100w\" sizes=\"auto, 100vw\" \/><\/a>\n\t\t\t<\/div><\/figure>\n\t\t<\/div>\n\n<p style=\"text-align: left;\"><span style=\"color: #000000;\">Die Schubert-Schule ist eine Ganztagsschule in Angebotsform. Wir sind eine F\u00f6rderschule mit dem F\u00f6rderschwerpunkt Lernen. Unsere Schule besuchen Sch\u00fclerinnen und Sch\u00fcler die aufgrund verschiedener Lebensumst\u00e4nde in anderen Schulen nicht angemessen gef\u00f6rdert werden k\u00f6nnen. <\/span><\/p>\n<p style=\"text-align: left;\"><span style=\"color: #000000;\">Unsere Schule besuchen derzeit 123 Sch\u00fclerinnen und Sch\u00fcler, von diesen Kindern besuchen 110 die Ganztagsschule.<\/span><\/p>\n<p style=\"text-align: left;\"><span style=\"color: #000000;\">Unsere Sch\u00fclerinnen und Sch\u00fcler verlassen unsere Schule nach der 9. Klasse mit dem Abschluss der besonderen Berufsreife. In einem 10. Schuljahr k\u00f6nnen Sch\u00fclerinnen und Sch\u00fcler bei uns den Berufsreifeabschluss erwerben.<\/span><\/p>\n","protected":false},"excerpt":{"rendered":"<p>Herzlich Willkommen in der Schubert-Schule! Die Schubert-Schule ist eine Ganztagsschule in Angebotsform. Wir sind eine F\u00f6rderschule mit dem F\u00f6rderschwerpunkt Lernen. Unsere Schule besuchen Sch\u00fclerinnen und Sch\u00fcler die aufgrund verschiedener Lebensumst\u00e4nde &hellip; <\/p>\n<p class=\"link-more\"><a href=\"https:\/\/schubert-schule-nw.de\/wordpress\/schule\/\" class=\"more-link\"><span class=\"screen-reader-text\">\u201eUnsere Schule\u201c<\/span> weiterlesen<\/a><\/p>\n","protected":false},"author":1,"featured_media":0,"parent":0,"menu_order":3,"comment_status":"closed","ping_status":"closed","template":"","meta":{"ngg_post_thumbnail":0,"footnotes":""},"class_list":["post-17","page","type-page","status-publish","hentry"],"_links":{"self":[{"href":"https:\/\/schubert-schule-nw.de\/wordpress\/wp-json\/wp\/v2\/pages\/17","targetHints":{"allow":["GET"]}}],"collection":[{"href":"https:\/\/schubert-schule-nw.de\/wordpress\/wp-json\/wp\/v2\/pages"}],"about":[{"href":"https:\/\/schubert-schule-nw.de\/wordpress\/wp-json\/wp\/v2\/types\/page"}],"author":[{"embeddable":true,"href":"https:\/\/schubert-schule-nw.de\/wordpress\/wp-json\/wp\/v2\/users\/1"}],"replies":[{"embeddable":true,"href":"https:\/\/schubert-schule-nw.de\/wordpress\/wp-json\/wp\/v2\/comments?post=17"}],"version-history":[{"count":18,"href":"https:\/\/schubert-schule-nw.de\/wordpress\/wp-json\/wp\/v2\/pages\/17\/revisions"}],"predecessor-version":[{"id":5677,"href":"https:\/\/schubert-schule-nw.de\/wordpress\/wp-json\/wp\/v2\/pages\/17\/revisions\/5677"}],"wp:attachment":[{"href":"https:\/\/schubert-schule-nw.de\/wordpress\/wp-json\/wp\/v2\/media?parent=17"}],"curies":[{"name":"wp","href":"https:\/\/api.w.org\/{rel}","templated":true}]}}