{"id":3281,"date":"2020-09-27T16:25:38","date_gmt":"2020-09-27T14:25:38","guid":{"rendered":"https:\/\/schubert-schule-nw.de\/wordpress\/?page_id=3281"},"modified":"2024-05-14T17:15:45","modified_gmt":"2024-05-14T15:15:45","slug":"fahrplan","status":"publish","type":"page","link":"https:\/\/schubert-schule-nw.de\/wordpress\/arbeits-und-berufswelt-orientierung\/fahrplan\/","title":{"rendered":"Fahrplan zur Berufsvorbereitung"},"content":{"rendered":"\n<p class=\"has-text-align-center has-background has-medium-font-size\" style=\"background-color:#cf2d2dbf\"><strong>Fahrplan zur Berufsvorbereitung<\/strong><\/p>\n\n\n\n<p style=\"font-size:17px\">Die <strong>Berufs- und Arbeitsweltorientierung<\/strong> stellt f\u00fcr unsere Arbeit einen zentralen Schwerpunkt dar. <\/p>\n\n\n\n<p style=\"font-size:17px\">Wir arbeiten in besonderer Weise daran unseren Sch\u00fclerinnen und Sch\u00fclern den Zugang zur Arbeitswelt zu erm\u00f6glichen. Zentrale Elemente haben wir in einem &#8218;<strong>Fahrplan ins Berufsleben<\/strong>&#8218; zusammengestellt. Diese werden aufbauend in unterschiedliche Klassenstufen verwirklicht. <\/p>\n\n\n\n<figure class=\"wp-block-image size-large is-resized\"><img loading=\"lazy\" decoding=\"async\" width=\"1024\" height=\"632\" src=\"https:\/\/schubert-schule-nw.de\/wordpress\/wp-content\/uploads\/2020\/11\/Uebersicht-Fahrplan-BV-1024x632.png\" alt=\"\" class=\"wp-image-4046\" style=\"width:708px;height:436px\" srcset=\"https:\/\/schubert-schule-nw.de\/wordpress\/wp-content\/uploads\/2020\/11\/Uebersicht-Fahrplan-BV-1024x632.png 1024w, https:\/\/schubert-schule-nw.de\/wordpress\/wp-content\/uploads\/2020\/11\/Uebersicht-Fahrplan-BV-300x185.png 300w, https:\/\/schubert-schule-nw.de\/wordpress\/wp-content\/uploads\/2020\/11\/Uebersicht-Fahrplan-BV-768x474.png 768w, https:\/\/schubert-schule-nw.de\/wordpress\/wp-content\/uploads\/2020\/11\/Uebersicht-Fahrplan-BV.png 1172w\" sizes=\"auto, (max-width: 767px) 89vw, (max-width: 1000px) 54vw, (max-width: 1071px) 543px, 580px\" \/><\/figure>\n\n\n\n<div class=\"wp-block-file\"><a id=\"wp-block-file--media-64a2028a-e0a9-425d-a692-940959c93551\" href=\"https:\/\/schubert-schule-nw.de\/wordpress\/wp-content\/uploads\/2020\/09\/Fahrplan-BO-Stand-Sept.-2020-1.pdf\">Fahrplan BO Stand Sept. 2020<\/a><\/div>\n","protected":false},"excerpt":{"rendered":"<p>Fahrplan zur Berufsvorbereitung Die Berufs- und Arbeitsweltorientierung stellt f\u00fcr unsere Arbeit einen zentralen Schwerpunkt dar. Wir arbeiten in besonderer Weise daran unseren Sch\u00fclerinnen und Sch\u00fclern den Zugang zur Arbeitswelt zu &hellip; <\/p>\n<p class=\"link-more\"><a href=\"https:\/\/schubert-schule-nw.de\/wordpress\/arbeits-und-berufswelt-orientierung\/fahrplan\/\" class=\"more-link\"><span class=\"screen-reader-text\">\u201eFahrplan zur Berufsvorbereitung\u201c<\/span> weiterlesen<\/a><\/p>\n","protected":false},"author":3,"featured_media":0,"parent":112,"menu_order":1,"comment_status":"closed","ping_status":"closed","template":"","meta":{"ngg_post_thumbnail":0,"footnotes":""},"class_list":["post-3281","page","type-page","status-publish","hentry"],"_links":{"self":[{"href":"https:\/\/schubert-schule-nw.de\/wordpress\/wp-json\/wp\/v2\/pages\/3281","targetHints":{"allow":["GET"]}}],"collection":[{"href":"https:\/\/schubert-schule-nw.de\/wordpress\/wp-json\/wp\/v2\/pages"}],"about":[{"href":"https:\/\/schubert-schule-nw.de\/wordpress\/wp-json\/wp\/v2\/types\/page"}],"author":[{"embeddable":true,"href":"https:\/\/schubert-schule-nw.de\/wordpress\/wp-json\/wp\/v2\/users\/3"}],"replies":[{"embeddable":true,"href":"https:\/\/schubert-schule-nw.de\/wordpress\/wp-json\/wp\/v2\/comments?post=3281"}],"version-history":[{"count":13,"href":"https:\/\/schubert-schule-nw.de\/wordpress\/wp-json\/wp\/v2\/pages\/3281\/revisions"}],"predecessor-version":[{"id":16822,"href":"https:\/\/schubert-schule-nw.de\/wordpress\/wp-json\/wp\/v2\/pages\/3281\/revisions\/16822"}],"up":[{"embeddable":true,"href":"https:\/\/schubert-schule-nw.de\/wordpress\/wp-json\/wp\/v2\/pages\/112"}],"wp:attachment":[{"href":"https:\/\/schubert-schule-nw.de\/wordpress\/wp-json\/wp\/v2\/media?parent=3281"}],"curies":[{"name":"wp","href":"https:\/\/api.w.org\/{rel}","templated":true}]}}